, 0 = 3*u + 3*o - 7500. Is u a composite number?
False
Suppose 0*d = -4*d + 28. Is 58020/35 + -1 - (-2)/d a composite number?
False
Let o(x) = -x**2 + 9*x + 23. Let a be o(13). Let s = -27 - a. Suppose -2*g + 3*q + 477 = 0, -709 = -s*g - g - 2*q. Is g composite?
True
Let s(k) = -k**3 + 5*k**2 + 6*k. Let c be s(6). Suppose t - 689 = -3*y, c*t + 2057 = 3*t + 4*y. Is t prime?
True
Suppose 4*l = 5*f - 16, 2*l + 2 = f - 0*f. Suppose -4*d + 4*w = w - 275, -f*d - w = -255. Is d*1 - (-6 + 9) a prime number?
False
Let b(k) = 79*k**2 - 3*k - 3. Suppose 4*s = p + 7, 0*s + 1 = 3*s - 5*p. Is b(s) composite?
False
Let u(i) = 70*i + 5. Suppose 7*f + 0*f = -42. Let j be u(f). Let n = j + 834. Is n composite?
False
Let r be (-212)/5 + (-30)/50. Let c = 666 + r. Is c a prime number?
False
Let b be (-2)/4 + 27/18 + 1. Suppose -b*r = -3*u - 759, -5*r + 187 = 3*u - 1721. Is r a prime number?
False
Suppose 100665 = 22*b - 7*b. Is b a prime number?
False
Is ((-2)/8 - (-153)/68) + 2516 composite?
True
Is -159*3/(-2) - (-9)/(-6) a composite number?
True
Let c = 195 + -191. Let w(s) = -2*s**3 + 2*s**2 + 2*s + 1. Let y be w(-1). Suppose -32 = -4*k - f + 4*f, -56 = -c*k - y*f. Is k a composite number?
False
Let n(v) = -1 + 1 - 4 - 28*v. Let s be n(2). Let j = -17 - s. Is j prime?
True
Let n(p) = -p**3 + 6*p**2 - 6*p + 7. Let h be n(5). Is 2046/(-6 + 4)*h/(-6) prime?
False
Suppose r + 2*r = -5*q + 3099, 2*r = -2*q + 2070. Let a = r - -857. Suppose 0 = -0*f + 5*f - a. Is f a composite number?
False
Suppose 0 = 5*j - 3479 - 83536. Is j composite?
True
Let z be 6/(-5) - 9/(-45). Is (4 + -41)*z/1 prime?
True
Let d = -15 - -26. Let x = -9 + d. Suppose g - 12 = -3*g, 0 = x*l + 3*g - 35. Is l composite?
False
Suppose -5*z - 2*b = -30, 5*b - 2*b - 7 = 2*z. Is (-1)/4 + 2693/z composite?
False
Let n(t) = 12*t**2 - t - 1. Let l be n(1). Suppose -1506 = -16*a + l*a. Is a composite?
False
Suppose 159*z - 160*z = -3313. Is z a composite number?
False
Let m(i) = i**3 + 9*i**2 + 9*i + 11. Let p be m(-8). Suppose 484 = p*a + a. Suppose t + 3 = -0, h - a = -2*t. Is h composite?
False
Let h(a) = -a**3 + a**2 - 39*a - 89. Is h(-18) a composite number?
True
Let s be (-2170)/(-77) - (-6)/(-33). Is (-16)/s - (-4421)/7 a prime number?
True
Let w = 55 - 50. Suppose x - w*c = 19, 2*x + 6*c = 2*c + 24. Is x a prime number?
False
Suppose -9*q + 46577 = 38*q. Is q prime?
True
Suppose 6*q = -3*p + 3*q + 21, 3*p = -q + 27. Is (6/p)/((-7)/(-805)) a composite number?
True
Suppose 0 = 3*l - 4*s + 2542, -2*l - s - 2370 = -668. Let o = 1423 + l. Is o a composite number?
True
Is 60007 - (-3 + 3 + -6) a prime number?
True
Let v be -8*(-3 - (-5)/2). Suppose h = -h + v. Suppose -5*q = -2*j - 697, q - h*j = -q + 280. Is q prime?
True
Suppose -5*d + 4*v = -26 + 1, -11 = d - 4*v. Suppose d*a - 10061 + 278 = 0. Is a prime?
True
Suppose 2*b - 4 + 0 = 2*d, 4*b + 3*d - 15 = 0. Suppose b*j = 5*r - 2935, -2*j = -3*j. Is r a prime number?
True
Let s be 376/(-2)*77/(-28). Suppose 2*y - 153 = s. Is y prime?
False
Let a = 9 + -4. Let m be (-8)/20 - 18/a. Is 2 - (-4)/m - -222 prime?
True
Suppose -b + 4*v + 3117 = 0, -7*b + 9306 = -4*b - 3*v. Is b prime?
False
Suppose 5*c = 36 - 1. Let i(w) = 5*w**3 + 14*w - 9. Let k be i(c). Suppose -2840 = -5*o + 5*x, -x - 112 = 3*o - k. Is o composite?
True
Let g be -178*(5 + -4)/2. Let t = g + 508. Is t prime?
True
Let l = -3749 + -2101. Let h be 1*l/(-2 - 1). Is (-1)/2 - h/(-20) composite?
False
Suppose 16463 = 2*g + 3*u - 15211, 0 = 2*u + 8. Is g a prime number?
False
Suppose -36*j = 2*j - 206530. Is j a prime number?
False
Let j be 1 - (-7 + (-2)/2). Let i be ((-20)/6)/(j/(-81)). Suppose -22 = -2*b + i. Is b a prime number?
False
Is (-42348)/14*371/(-106) composite?
True
Suppose -284*b = -296*b + 900780. Is b a prime number?
False
Let d be 11/22*(-1 + 1). Suppose d = 4*n - 4, -k + n - 1 = -3*n. Let p(q) = 2*q**2 - 2*q + 2. Is p(k) composite?
True
Is -7*(-8)/(-56)*-79819 a composite number?
True
Is (16/(-40) - (-3)/(-5))*-12854 composite?
True
Suppose 83526 = 22*m - 299560. Is m composite?
True
Let z = 468 + -273. Let r = -314 - -314. Suppose v - 3*b - z = 0, r*b = -3*v - 3*b + 609. Is v a prime number?
False
Let a = 622 + -1004. Let z = -3 - a. Is z a composite number?
False
Let a = -1190 - -2102. Suppose -a = -d - o, -d + 515 = -5*o - 391. Is d composite?
False
Let i be (0 + 0)/(-3 - -1). Suppose 0 = 5*n - i*n + 555. Let f = n + 556. Is f composite?
True
Let p(h) = -h**3 + 5*h**2 + 6*h + 6. Let n be p(6). Suppose -740 = n*w - 10*w. Is w prime?
False
Suppose 0 = -4*f + 16, 5*f - 2*f = 2*h - 18. Suppose -3*d = h, 3*d + 0*d = 4*c - 779. Is c composite?
False
Let c(f) = -3*f + 36. Let r be c(12). Let d = 265 - r. Is d composite?
True
Suppose -6*u + 2*u + 90955 = t, -3*u + 68221 = -4*t. Is u a composite number?
False
Suppose 3*q - 7169 = -57*v + 62*v, 2*q - v = 4784. Is q prime?
True
Suppose -30*i + n = -27*i - 7831, 4*i - 10444 = 2*n. Is i a composite number?
False
Let q(b) = 2*b**2 - 21*b - 21. Suppose -3*r + 30 = 15. Suppose -48 = 2*w - r*w. Is q(w) a composite number?
True
Let s(r) = -r**2 + 2*r. Let v be s(3). Let j be -2 + 1 + v + 716. Suppose -j = -9*a + a. Is a prime?
True
Is (-205702)/(-42) - (-4)/(-6) prime?
False
Let w(b) = 6947*b**2 - b + 1. Is w(1) a prime number?
True
Let p(w) = -23*w**3 - w**2. Let d(z) = -z**3 - 13*z**2 - 10*z + 15. Let r be d(-12). Let u = -10 - r. Is p(u) a prime number?
False
Let b(v) = 69*v**2 + 13*v - 39. Is b(5) prime?
False
Let u(a) = 6*a - 15. Let g(h) = 6*h - 14. Let y(i) = 6*i - 14. Let t(p) = 3*g(p) - 4*y(p). Let z(c) = -5*t(c) - 4*u(c). Is z(6) a prime number?
False
Let a(l) = 203*l + 9. Let u be a(10). Let n = u - 1288. Is n prime?
True
Let g(p) = 633*p**2 + 57*p + 13. Is g(6) a composite number?
False
Is 70308/4 - 10 - (-2)/1 a composite number?
False
Let a(w) = 3381*w**2 + 2*w + 3. Is a(-2) a composite number?
False
Suppose 0 = 2*g + 1 - 7. Suppose -w - 927 + 3558 = g*s, 3*w + 4*s - 7893 = 0. Is w a prime number?
False
Let n(v) = v**3 + 6*v**2 + 2*v + 2. Let u be n(-6). Let t = 14 + u. Suppose 0 = 2*r - t*r + 818. Is r a composite number?
False
Let b(d) = -999*d - 5. Let g be b(5). Let v be g/(-18) - 6/(-27). Let c = -167 + v. Is c prime?
False
Let k(d) = 96*d**2 + 3*d + 2. Let i = 10 - 7. Let h be k(i). Suppose 5*x = h + 20. Is x composite?
False
Let p be 1/(-4) + 11546/8. Let y = p - 974. Is y composite?
True
Let u(b) = 28*b + 27. Let l be u(-7). Let h = -3 - l. Is h prime?
False
Let s(h) be the second derivative of -23*h**5/30 + h**4/24 - 7*h**3/6 - 14*h. Let v(l) be the second derivative of s(l). Is v(-6) a prime number?
False
Suppose 5*s + 3*m - 12 = 0, m - 2 + 6 = s. Suppose 3*l = u - 746, s*u = -u + 5*l + 2977. Is u composite?
False
Suppose -2*g = 0, 4*t - 54301 = 2*g + 62095. Is t a prime number?
False
Suppose 0 = -f + 5*n + 34435, -2*f + 4*n + 2162 + 66684 = 0. Is f a composite number?
True
Let l(r) = r**2 - 10*r + 20. Let k be l(9). Suppose 1 = -5*u + k. Suppose 0 = 3*f - 5*o - 338, o = -u*f + 2*o + 237. Is f prime?
False
Let x = 12 + -10. Suppose 2*p - 3*p - 2*n = -2179, -4358 = -2*p + x*n. Is p a composite number?
False
Let j = -149 - -736. Is j a prime number?
True
Suppose 4*t = -7 - 1. Let j be t/4 - (-2)/4. Suppose -4*v = -j*v - 932. Is v prime?
True
Let m(a) = -7*a**3 - a. Let q be m(-1). Suppose -g = 3*g - q. Suppose -6*u + g = -5*u, -f - u = -81. Is f prime?
True
Let y be (128/10)/(3/(-30)). Let f = 93 - y. Let b = f + 488. Is b a prime number?
True
Let o = 63 - 60. Suppose -k = p - 1264, -o*k - 2516 = -2*p - k. Is p a composite number?
True
Suppose 0 = 5*q - 8*q + 114. Suppose 245 - q = 3*i. Is i a composite number?
True
Suppose 4*r - 1647 - 3326 = -5*f, 3*r = 4*f - 3966. Is f composite?
True
Let f = -52717 + 97556. Is f prime?
True
Suppose -2*h = 2*s - 8, -4 - 6 = -4*s + 2*h. Suppose -5*a = 2*n + 2*n + 1308, -5*a + s*n - 1294 = 0. Is -2 + 2 + a/(-4) a prime number?
False
Let k(f) = 3*f**2 - 3*f + 3. Let c be k(2). Let p(g) = 129*g + 11. Let w be p(c). Suppose -12*z = -8*z - w. Is z a prime number?
True
Let w(r) = 3305*r + 688. Is w(21) a composite number?
True
Let m = 12751 + -7244. Is m composite?
False
Let s = -44 + 161. Let i be (-35316)/s + 4/(-26). Is i/(-8) + (-15)/20 a composite number?
False
Let j(f) = 352*f -